rivative of -11*a**2/2 + 33*a - 2297. Determine t(3).
0
Suppose -25 = -3*i - 3*j - 7, 2*j + 40 = 2*i. Let v(y) = y**3 - 8*y**2 - 63*y - 22. Calculate v(i).
4
Let h = -3184 - -3178. Let r(p) = -8*p - 60. Give r(h).
-12
Let l(t) be the first derivative of t**5/60 - t**4/24 - 3*t**3 - 69*t**2/2 + 48. Let u(r) be the second derivative of l(r). What is u(0)?
-18
Let b(q) be the second derivative of -q**4/12 - 5*q**2/2 + 10*q. Suppose y = 55 - 49. Suppose 2*z = -y*z. Determine b(z).
-5
Let s(d) = 3*d - 3*d + d**2 + 0*d**2. Suppose 0 = -2*c - 4*n - 24, -3*c - 5*n - 35 = -4. Determine s(c).
4
Let v(y) be the second derivative of y**4/6 - y**3/6 - y**2 + 5*y. Let j be ((-36)/(-12))/(0 - 3/(-8)). Suppose 4*s + 3*a + 2 = j*a, s - 2*a + 2 = 0. Give v(s).
4
Let t(c) be the first derivative of -c**3/3 + 7*c**2/2 - 3*c + 117. Let h be ((-19)/17 - -1) + (-121)/(-17). What is t(h)?
-3
Let t = -58 + 159. Let j(n) = -t + 49 + n + 37. Suppose 2*b = 4*g - 28, 2*b - 6 = 3*g - 26. What is j(g)?
-7
Let y = -246 - -260. Let x(n) = -4 + 3 - y + 11 - n. Give x(0).
-4
Let m(o) = o**3 - 6*o**2 - 7. Let w = 49 - 42. Suppose -6 - w = -13*y. Let h(u) = 5*u**2 - 2*u + 3. Let l be h(y). Give m(l).
-7
Let u(p) = 0*p - 6*p - p**2 - 1329 - 1357 + 2706. Give u(-10).
-20
Let h(w) be the second derivative of w**6/360 - 187*w**4/12 + 22*w + 2. Let c(u) be the third derivative of h(u). What is c(2)?
4
Let s(r) = r**2 + 2*r - 3. Let f(z) = z**2 + z - 1. Let j(p) = -4*f(p) + s(p). Let d = -136 + 154. Let x = -16 + d. Determine j(x).
-15
Let v(w) be the first derivative of -3*w - 3/2*w**2 - 2/3*w**3 + 1/4*w**4 + 3. Suppose 100*d - 105*d = 2*j - 36, 4*d - 24 = 0. Calculate v(j).
-3
Suppose -3*i + 15 = -0. Let y(r) = -18*r - 151 - 152 + 6*r + 7*r + 303. Give y(i).
-25
Let g = 68 - 63. Suppose 31 = -g*m + 26. Let b(f) be the third derivative of -7*f**6/60 - f**5/30 - f**4/24 + 7*f**2. Determine b(m).
13
Let o(n) be the first derivative of -63 + 101*n**2 - 15*n + 7*n - 100*n**2. What is o(6)?
4
Let w(z) be the second derivative of -z**3/6 + z**2/2 + 110*z. Let f(k) = 21*k**2 + k - 1. Let m(a) = -f(a) - 2*w(a). Determine m(1).
-21
Let x(n) = 3*n**2 - 6*n. Let o(y) = -17*y + 80. Let r be o(-33). Let k = r - 638. What is x(k)?
9
Let o(a) = -a**3 - 12*a**2 - 18*a + 9. Let w(c) = -41*c - 10. Let f be w(0). Calculate o(f).
-11
Let i(y) be the second derivative of -y**3 - 177*y**2/2 + 1122*y - 1. What is i(-29)?
-3
Let f be (-4)/(-14) + 60/(-14). Let u(j) = 16*j**3 + 10*j**2 + j + 7. Let r(n) = -19*n**3 - 11*n**2 - 8. Let b(p) = -5*r(p) - 6*u(p). Determine b(f).
6
Let m(h) = 50*h + 40 + 23 - 105*h + 50*h - 25. Give m(8).
-2
Let v be 7 - (7 + (13 - 4)). Let c be ((-15)/(-10))/(v/2 + 4). Let s(u) = 2*u + 17. Let f(g) = g + 9. Let q(n) = -11*f(n) + 6*s(n). What is q(c)?
0
Let b be 160/(-64)*32/20. Let a(u) = -2*u + 3. Give a(b).
11
Suppose 2212 = 6*d + 8*d. Let f = 149 - d. Let g(k) = k + 10. Determine g(f).
1
Suppose -2*k + 5*k + 12 = 0. Let g(m) = -2*m - 74 - 4 + 41 + 33. What is g(k)?
4
Suppose -v = 6 - 9. Suppose -4*g = -2*u - v*u + 38, -u - 5*g - 4 = 0. Suppose 7*d - 8*d = -u. Let h(w) = -w**2 + 4*w + 6. Give h(d).
-6
Let a(d) = 39*d + 1. Suppose -22*n - 21 = -19*n + 5*o, -3*o = -n - 7. Let t be (4/(-12))/(n/(-21)). What is a(t)?
-38
Let z(t) = -8*t**3 + 8*t**2 - 11*t + 2. Let i(b) = 9*b**3 - 8*b**2 + 15*b - 4. Let v(l) = 4*i(l) + 5*z(l). Calculate v(3).
-27
Let t(q) be the second derivative of -2/3*q**3 - 5/2*q**2 - 75*q + 0. Give t(-6).
19
Let i = -645 + 668. Suppose -n - 3*q + 22 = 0, -i = -3*n - q + 3. Let m(v) = v**3 - 9*v**2 + 12*v + 17. Give m(n).
3
Let q(o) be the second derivative of 0*o**3 + 1/3*o**4 + 43*o + 0*o**2 + 0. Calculate q(1).
4
Let b be 36 + ((260/6)/26)/((-10)/(-36)). Let m(r) = r - 31. Calculate m(b).
11
Let s(h) = -6*h. Let t = -328 + 348. Suppose o - t = -21. What is s(o)?
6
Let b(s) = 3*s**3 + 47*s**2 + 30*s - 5. Let t(u) = -u**3 + 2*u**2 + 275*u - 831. Let f be t(3). Calculate b(f).
-5
Let n(x) be the first derivative of -x**4/4 + 10*x**3/3 - 17*x**2/2 - x + 5693. Calculate n(8).
-9
Let s(g) = -g + 28 - 151*g**3 + 3*g**2 + 55*g**3 - 30 + 48*g**3 + 47*g**3. Let u(h) = h**2 + h - 4. Let i be u(-3). Give s(i).
0
Let k be (1/6)/(17/7242). Let y = -67 + k. Let f(c) = 5*c - 4. Calculate f(y).
16
Suppose -3*z = 5 + 7, -2*w + 8 = z. Let g = -368 + 370. Let x(a) = 4 + 4*a - a**2 + 2*a + g. Determine x(w).
6
Suppose u + u = 3*h - 16, -4*u - 5*h = -34. Let w(n) = 4*n - 2. What is w(u)?
2
Let h(r) = -5*r**3 - 2*r**2 + 1. Let u be h(-1). Let q(f) = -f**2 - 12*f - 15. Let w be q(-10). Let s(x) = 8*x - 5*x - u - w*x. Determine s(-6).
8
Let i(f) = -f**3 + 14*f**2 - 15*f + 26. Let n be i(13). Let c(p) = 2*p - 1. Let l be c(1). Let k(t) = -l + t - 3 + n + 0. What is k(5)?
1
Let k(o) = -69*o**2 + 33*o**2 + 63*o**2 + 1 + 15*o. Calculate k(-1).
13
Let v be 4/(-18)*-9 - 0. Let u(o) = 297 - o**2 - 13*o - 317 + 2*o**v. Calculate u(14).
-6
Let m(w) = -150*w + 909. Let v(r) = -95*r + 456. Let a(j) = -4*m(j) + 7*v(j). Determine a(-7).
11
Let v(z) be the first derivative of 4*z + 4*z**2 - 1/4*z**4 - 92 - 4/3*z**3. What is v(-5)?
-11
Let o(c) be the third derivative of -c**6/720 + c**5/60 + c**4/3 - 21*c**2. Let f(r) be the second derivative of o(r). Determine f(7).
-5
Let q(n) = -11*n**2 - 679*n**3 - 2*n + 215*n**3 + 242*n**3 + 14 + 223*n**3. Calculate q(11).
-8
Suppose 11*c = 10*c - 4*l + 615, 5*c - 3075 = l. Let y(g) = -g + 619 + 3*g + g**3 + 2*g**2 - c + g - 2*g. Give y(-3).
-8
Let y(d) = 6*d + 4. Let r be y(-6). Let t be (-3 + 2 + -1)/(r/112). Let h(k) = 2*k**2 - 8*k - 8. Give h(t).
34
Let t(r) be the first derivative of r**4/2 + 5*r**3/3 + 7*r**2/2 + 6*r + 1538. Determine t(-4).
-70
Let j(a) = -1514*a - 12104. Let d be j(-8). Let g(c) = c**3 - 9*c**2 + 17*c - 68. Give g(d).
4
Let w(f) = -f**2 + 6*f + 11. Let h(n) = -2*n - 1. Let m(v) = 5*h(v) + w(v). Let a(r) = -r**3 + 6*r**2 + 5*r + 3. Let j be a(7). Let x = 5 + j. Determine m(x).
-6
Let p = -24672 + 24706. Let n(j) be the first derivative of j**3 - 1/4*j**4 + j + 0*j**2 + p. Calculate n(4).
-15
Suppose c = 2*u + 18, -u - 45 = 4*u - 3*c. Let z be (-4 - -3)/(2/6). Let t be 1/z - (-42)/u. Let n(q) = q**3 + 5*q**2 - 2*q - 5. Give n(t).
5
Let k(m) = 6*m + 53. Let w be 4 + 3 - (-1 - -3) - (113 - 97). Calculate k(w).
-13
Let j be -11 - -11 - -2*1. Let s(m) = 2*m**2 - 2*m**2 - m**2 - 7*m**2 - j*m + 0*m. Give s(-1).
-6
Let n(b) be the second derivative of -b**4/6 - 7*b**3/3 - 3*b**2/2 - 10*b - 21. What is n(-4)?
21
Let m(u) be the third derivative of 3*u**4/8 - 3*u**3/2 + u**2 + 55*u. Determine m(4).
27
Suppose -o - j - 8 = 0, -215*j + 220*j = -20. Let i(m) = m**2 + 4*m - 6. Determine i(o).
-6
Let a(g) = -g**2 - 46*g - 132. Let p be a(-43). Let n(m) be the first derivative of -1/2*m**2 + m + 3. Calculate n(p).
4
Suppose -3*w = 9 - 3. Let g be -4 - 3 - (w - -1). Let h(m) be the second derivative of m**5/20 + 5*m**4/12 - 7*m**3/6 + m**2/2 - 4*m - 19. Give h(g).
7
Let t(r) = -2*r**3 + 3*r**2 - r + 1. Let z(a) = 11*a**3 - 24*a**2 + 15*a - 57. Let x(h) = 5*t(h) + z(h). Give x(9).
38
Let f be (1 - -5)/1 + (-11 - -9). Suppose 16 = -f*y + 8*y. Let x(n) = -7*n**3 - 4*n**3 + y + 0*n**3 - n + 2*n**2 + 12*n**3. Give x(-3).
-2
Let m(g) be the first derivative of -g**3/3 + 5*g**2/2 - g + 7393. Let i(c) = c**2 + 4*c + 1. Let x = 0 + -5. Let v be i(x). Determine m(v).
-7
Let z(t) = 9*t**3 - 1. Let k be (-2)/6 + 7/((-21)/(-34)). Suppose -849 - 119 = k*a. Let w = -89 - a. What is z(w)?
-10
Suppose 78*k = 343*k - 4153 - 7242. Let g(q) be the first derivative of -5*q + 1/2*q**2 + k. Give g(0).
-5
Let i(t) = -7*t**3 + 5*t**2 + 5*t - 6. Let b(m) = -6*m**3 + 4*m**2 + 5*m - 4. Let x(v) = -6*b(v) + 5*i(v). What is x(3)?
15
Let v be -1*(-112 - 4/((-16)/(-12))). Suppose -2*x = 3*g - v, -2*g - x = -4*g + 65. Let z be (34 - g)*-5*(0 - -1). Let n(h) = -h**2 + 3*h + 5. Determine n(z).
-5
Let x(r) = r**2 + 20*r + 99. Suppose 17*a + 576 = 9*a - 40*a. Give x(a).
3
Let a(u) = 10*u**2 - 4*u + 5. Let y be a(3). Let w = y + -35. Let n be w/(-30)*10/(-4). Let o(h) = -3*h + 4. Give o(n).
-8
Let f(h) = 2*h + 72*h**2 + 32 - 28*h**2 + 9 - 18*h**2 - 38*h**3 + 39*h**3. Calculate f(-26).
-11
Let a(i) = 52*i**3 - i**2 - 26*i - 2*i**2 + 11*i**2 + 59*i**3 - 59 - 110*i**3. Give a(-10).
1
Let j